{"id":37,"date":"2018-04-17T12:48:22","date_gmt":"2018-04-17T09:48:22","guid":{"rendered":"https:\/\/ekosistemgroup.com\/about-us\/"},"modified":"2021-09-24T14:47:24","modified_gmt":"2021-09-24T11:47:24","slug":"hakkimizda","status":"publish","type":"page","link":"https:\/\/ekosistemgroup.com\/?page_id=37","title":{"rendered":"Hakk\u0131m\u0131zda"},"content":{"rendered":"<p>[vc_row][vc_column width=&#8221;2\/3&#8243;]<div class=\"prk_shortcode-title unmargined\"><div class=\"header_font sizer_medium bd_headings_text_shadow zero_color prk_vc_title\">\u00c7evre, Periyodik Kontrol, Ortam \u00d6l\u00e7\u00fcmleri ve \u0130SG Hizmetleri<\/div><\/div>[vc_column_text]\u0130\u015f Sa\u011fl\u0131\u011f\u0131 ve G\u00fcvenli\u011fi \u00e7al\u0131\u015fmalar\u0131, sadece yasal zorunluluklar\u0131 yerine getirmek a\u00e7\u0131s\u0131ndan de\u011fil, risklere maruz kalabilecek \u00e7al\u0131\u015fanlar\u0131 korumak ve \u00e7al\u0131\u015fma ortam\u0131nda bulunan mevcut riskleri yok etmek veya en aza indirmek a\u00e7\u0131s\u0131ndan da \u00f6nem arz etmektedir. Dolay\u0131s\u0131yla i\u015fletmelerin Teknoloji, i\u015f organizasyonu, \u00e7al\u0131\u015fma \u015fartlar\u0131, sosyal ili\u015fkiler ve \u00e7al\u0131\u015fma ortam\u0131 ile ilgili fakt\u00f6rlerin etkilerini kapsayan tutarl\u0131 ve genel bir \u00f6nleme politikas\u0131 geli\u015ftirmesi amac\u0131yla de\u011fi\u015fen ve geli\u015fen teknoloji \u0131\u015f\u0131\u011f\u0131nda hizmetlerimizi s\u00fcrd\u00fcr\u00fcyoruz.<\/p>\n<p>\u00c7al\u0131\u015fanlar\u0131n daha bilin\u00e7li \u00e7al\u0131\u015fmas\u0131n\u0131 ve mesleki tecr\u00fcbelerini geli\u015ftirmesi amac\u0131yla mesleki e\u011fitimler ve ileri seviye i\u015f sa\u011fl\u0131\u011f\u0131 ve g\u00fcvenli\u011fi e\u011fitimleriyle etkin ve do\u011fru testlerle makine ve ekipmanlar\u0131n\u0131z\u0131n daha verimli ve uzun \u00f6m\u00fcrl\u00fc kullan\u0131m\u0131na katk\u0131n\u0131n yan\u0131nda istenmeyen ar\u0131zalar\u0131 da engelleyerek makine ve ekipman kaynakl\u0131 kazalar\u0131n \u00f6n\u00fcne ge\u00e7mek m\u00fcmk\u00fcn olacakt\u0131r.<\/p>\n<p>\u0130\u015fin ki\u015filere uygun hale getirilmesi i\u00e7in i\u015fyerlerinin tasar\u0131m\u0131 ile i\u015f ekipman\u0131, \u00e7al\u0131\u015fma \u015fekli ve \u00fcretim metotlar\u0131n\u0131n se\u00e7iminde \u00f6zen g\u00f6stermek, \u00f6zellikle tekd\u00fcze \u00e7al\u0131\u015fma ve \u00fcretim temposunun sa\u011fl\u0131k ve g\u00fcvenli\u011fe olumsuz etkilerini \u00f6nlemek, \u00f6nlenemiyor ise en aza indirmek. Teknik geli\u015fmelere uyum sa\u011flamak ve g\u00fcvenlik k\u00fclt\u00fcr\u00fcn\u00fcn kazan\u0131lmas\u0131 amac\u0131yla dan\u0131\u015fmanl\u0131k hizmetlerimizle \u00e7\u00f6z\u00fcm orta\u011f\u0131n\u0131z olmay\u0131 hedeflemekteyiz.[\/vc_column_text][\/vc_column][vc_column width=&#8221;1\/3&#8243;]<div class=\"prk_shortcode-title\"><div class=\"header_font sizer_medium bd_headings_text_shadow zero_color prk_vc_title\">\u0130lkelerimiz<\/div><\/div><div class='wpb_content_element'><div class=\"prk_blockquote colored_background\"><div class=\"in_quote\">\u0130\u015f Sa\u011fl\u0131\u011f\u0131 ve G\u00fcvenli\u011fi \u00e7al\u0131\u015fmalar\u0131, sadece yasal zorunluluklar\u0131 yerine getirmek a\u00e7\u0131s\u0131ndan de\u011fil, risklere maruz kalabilecek \u00e7al\u0131\u015fanlar\u0131 korumak ve \u00e7al\u0131\u015fma ortam\u0131nda bulunan mevcut riskleri yok etmek veya en aza indirmek a\u00e7\u0131s\u0131ndan da \u00f6nem arz etmektedir. Dolay\u0131s\u0131yla i\u015fletmelerin Teknoloji, i\u015f organizasyonu, \u00e7al\u0131\u015fma \u015fartlar\u0131, sosyal ili\u015fkiler ve \u00e7al\u0131\u015fma ortam\u0131 ile ilgili fakt\u00f6rlerin etkilerini kapsayan entegre hizmet anlay\u0131\u015f\u0131 ile sekt\u00f6r\u00fc daha profesyonel ve ilkeli yar\u0131nlara ta\u015f\u0131may\u0131 hedefliyoruz.<div class=\"pirenko_author header_font body_text_shadow prk_bold\">Yusuf \u00c7ak\u0131lkaya<span class=\"after_author\"> - Genel Koordinat\u00f6r<\/span><\/div><\/div><\/div><\/div>[\/vc_column][\/vc_row][vc_row][vc_column]<div class=\"prk_shortcode-title alignify_center\"><div class=\"header_font alignify_center sizer_large bd_headings_text_shadow zero_color prk_vc_title\">Faaliyet Alanlar\u0131m\u0131z<\/div><\/div>[\/vc_column][\/vc_row][vc_row bk_type=&#8221;full_width&#8221; bk_color=&#8221;#efefef&#8221;][vc_column width=&#8221;1\/1&#8243;][vc_row_inner][vc_column_inner width=&#8221;1\/4&#8243;]<div class=\"prk_service  prk_service_center\"><div><img alt=\"\" src=\"https:\/\/ekosistemgroup.com\/wp-content\/uploads\/2018\/04\/is-guvenligi.png\" \/><\/div><div class=\"clearfix\"><\/div><div class=\"prk_service_ctt\"><h4 class=\"big zero_color bd_headings_text_shadow header_font\">\u0130\u015f G\u00fcvenli\u011fi Uzman\u0131 Hizmeti<\/h4><div class=\"clearfix\"><\/div><div class=\"service_inner_desc\">\u0130\u015f g\u00fcvenli\u011fi uzman\u0131 taraf\u0131ndan \u00e7al\u0131\u015fanlara rehberlik, dan\u0131\u015fmanl\u0131k, risk de\u011ferlendirme hizmetleriyle...<\/div><div class=\"simple_line special_size\"><\/div><div class=\"service_lnk header_font prk_bold\"><a class=\"not_zero_color fade_anchor\" href=\"#\">Detaylar \u0130\u00e7in T\u0131klay\u0131n<\/a><\/div><\/div><\/div>[\/vc_column_inner][vc_column_inner width=&#8221;1\/4&#8243;]<div class=\"prk_service  prk_service_center\"><div><img alt=\"\" src=\"https:\/\/ekosistemgroup.com\/wp-content\/uploads\/2018\/04\/2-is-sagligi.png\" \/><\/div><div class=\"clearfix\"><\/div><div class=\"prk_service_ctt\"><h4 class=\"big zero_color bd_headings_text_shadow header_font\">\u0130\u015fyeri Hekimi Hizmeti<\/h4><div class=\"clearfix\"><\/div><div class=\"service_inner_desc\">\u0130\u015f yeri hekimli\u011fi, firma \u00e7al\u0131\u015fanlar\u0131na i\u015fyeri hekimi taraf\u0131ndan verilen rehberlik ve dan\u0131\u015fmanl\u0131k hizmetleriyle...<\/div><div class=\"simple_line special_size\"><\/div><div class=\"service_lnk header_font prk_bold\"><a class=\"not_zero_color fade_anchor\" href=\"#\">Detaylar \u0130\u00e7in T\u0131klay\u0131n<\/a><\/div><\/div><\/div>[\/vc_column_inner][vc_column_inner width=&#8221;1\/4&#8243;]<div class=\"prk_service  prk_service_center\"><div><img alt=\"\" src=\"https:\/\/ekosistemgroup.com\/wp-content\/uploads\/2018\/04\/3-dsp.png\" \/><\/div><div class=\"clearfix\"><\/div><div class=\"prk_service_ctt\"><h4 class=\"big zero_color bd_headings_text_shadow header_font\">Sa\u011fl\u0131k Personeli<\/h4><div class=\"clearfix\"><\/div><div class=\"service_inner_desc\"> \u0130\u015fyeri hekimi istihdam\u0131na ek olarak mevzuat\u00e7a zorunlu g\u00f6r\u00fclen di\u011fer sa\u011fl\u0131k personeli hizmetlerini b\u00fcnyesindeki...<\/div><div class=\"simple_line special_size\"><\/div><div class=\"service_lnk header_font prk_bold\"><a class=\"not_zero_color fade_anchor\" href=\"#\">Detaylar \u0130\u00e7in T\u0131klay\u0131n<\/a><\/div><\/div><\/div>[\/vc_column_inner][vc_column_inner width=&#8221;1\/4&#8243;]<div class=\"prk_service  prk_service_center\"><div><img alt=\"\" src=\"https:\/\/ekosistemgroup.com\/wp-content\/uploads\/2018\/04\/9-isg-egitim.png\" \/><\/div><div class=\"clearfix\"><\/div><div class=\"prk_service_ctt\"><h4 class=\"big zero_color bd_headings_text_shadow header_font\">\u0130SG E\u011fitimleri<\/h4><div class=\"clearfix\"><\/div><div class=\"service_inner_desc\">\u0130\u015f sa\u011fl\u0131\u011f\u0131 ve g\u00fcvenli\u011fi (\u0130SG) e\u011fitimi g\u00fcvenlik k\u00fclt\u00fcr\u00fc kazan\u0131lmas\u0131nda son derece \u00f6nemlidir. Yap\u0131lan ara\u015ft\u0131rmalar...<\/div><div class=\"simple_line special_size\"><\/div><div class=\"service_lnk header_font prk_bold\"><a class=\"not_zero_color fade_anchor\" href=\"#\">Detaylar \u0130\u00e7in T\u0131klay\u0131n<\/a><\/div><\/div><\/div>[\/vc_column_inner][\/vc_row_inner]<div class=\"simple_line\"><\/div>[vc_row_inner][vc_column_inner width=&#8221;1\/4&#8243;]<div class=\"prk_service  prk_service_center\"><div><img alt=\"\" src=\"https:\/\/ekosistemgroup.com\/wp-content\/uploads\/2018\/04\/dfsfsdfg.png\" \/><\/div><div class=\"clearfix\"><\/div><div class=\"prk_service_ctt\"><h4 class=\"big zero_color bd_headings_text_shadow header_font\">Elektriksel \u00d6l\u00e7\u00fcm ve Kontroller<\/h4><div class=\"clearfix\"><\/div><div class=\"service_inner_desc\">Ana da\u011f\u0131t\u0131m panolar\u0131 ve tali da\u011f\u0131t\u0131m panolar\u0131 ile sigortalar, termik manyetik \u015falterler, ka\u00e7ak ak\u0131m r\u00f6leleri parafudurlar<\/div><div class=\"simple_line special_size\"><\/div><div class=\"service_lnk header_font prk_bold\"><a class=\"not_zero_color fade_anchor\" href=\"http:\/\/saferteknik.com\/index.php\/elektrik-olcum-ve-kontrolu\/\">Detaylar \u0130\u00e7in T\u0131klay\u0131n<\/a><\/div><\/div><\/div>[\/vc_column_inner][vc_column_inner width=&#8221;1\/4&#8243;]<div class=\"prk_service  prk_service_center\"><div><img alt=\"\" src=\"https:\/\/ekosistemgroup.com\/wp-content\/uploads\/2018\/04\/dfsf.png\" \/><\/div><div class=\"clearfix\"><\/div><div class=\"prk_service_ctt\"><h4 class=\"big zero_color bd_headings_text_shadow header_font\">Periyodik Kontroller<\/h4><div class=\"clearfix\"><\/div><div class=\"service_inner_desc\">Periyodik kontrol aral\u0131\u011f\u0131 ve kriterleri standartlar ile belirlenmemi\u015f i\u015f ekipmanlar\u0131n\u0131n periyodik kontrolleri...<\/div><div class=\"simple_line special_size\"><\/div><div class=\"service_lnk header_font prk_bold\"><a class=\"not_zero_color fade_anchor\" href=\"https:\/\/saferteknik.com\/index.php\/periyodik-kontroller\/\">Detaylar \u0130\u00e7in T\u0131klay\u0131n<\/a><\/div><\/div><\/div>[\/vc_column_inner][vc_column_inner width=&#8221;1\/4&#8243;]<div class=\"prk_service  prk_service_center\"><div><img alt=\"\" src=\"https:\/\/ekosistemgroup.com\/wp-content\/uploads\/2018\/04\/asd.png\" \/><\/div><div class=\"clearfix\"><\/div><div class=\"prk_service_ctt\"><h4 class=\"big zero_color bd_headings_text_shadow header_font\">Ortam \u00d6l\u00e7\u00fcm Hizmetleri<\/h4><div class=\"clearfix\"><\/div><div class=\"service_inner_desc\">\u0130\u015f yerinizin daha sa\u011fl\u0131kl\u0131 ve g\u00fcvenli bir yap\u0131ya sahip olmas\u0131n\u0131 sa\u011flamak amac\u0131yla i\u015f yerindeki ki\u015fisel maruziyetlere y\u00f6nelik...<\/div><div class=\"simple_line special_size\"><\/div><div class=\"service_lnk header_font prk_bold\"><a class=\"not_zero_color fade_anchor\" href=\"http:\/\/saferteknik.com\/index.php\/ortam-olcumleri\/\">Detaylar \u0130\u00e7in T\u0131klay\u0131n<\/a><\/div><\/div><\/div>[\/vc_column_inner][vc_column_inner width=&#8221;1\/4&#8243;]<div class=\"prk_service  prk_service_center\"><div><img alt=\"\" src=\"https:\/\/ekosistemgroup.com\/wp-content\/uploads\/2018\/04\/sdfsdf.png\" \/><\/div><div class=\"clearfix\"><\/div><div class=\"prk_service_ctt\"><h4 class=\"big zero_color bd_headings_text_shadow header_font\">E\u011fitim ve Dan\u0131\u015fmanl\u0131k<\/h4><div class=\"clearfix\"><\/div><div class=\"service_inner_desc\">Hayat Boyu \u00d6\u011frenme Genel M\u00fcd\u00fcrl\u00fc\u011f\u00fc taraf\u0131ndan yay\u0131nlanm\u0131\u015f olan 191 adet e\u011fitim mod\u00fcl\u00fc bulunmaktad\u0131r...<\/div><div class=\"simple_line special_size\"><\/div><div class=\"service_lnk header_font prk_bold\"><a class=\"not_zero_color fade_anchor\" href=\"http:\/\/saferteknik.com\/index.php\/egitim-ve-danismanlik\/\">Detaylar \u0130\u00e7in T\u0131klay\u0131n<\/a><\/div><\/div><\/div>[\/vc_column_inner][\/vc_row_inner][\/vc_column][\/vc_row]<\/p>\n","protected":false},"excerpt":{"rendered":"<p>[vc_row][vc_column width=&#8221;2\/3&#8243;][vc_column_text]\u0130\u015f Sa\u011fl\u0131\u011f\u0131 ve G\u00fcvenli\u011fi \u00e7al\u0131\u015fmalar\u0131, sadece yasal zorunluluklar\u0131 yerine getirmek a\u00e7\u0131s\u0131ndan de\u011fil, risklere maruz kalabilecek \u00e7al\u0131\u015fanlar\u0131 korumak ve \u00e7al\u0131\u015fma ortam\u0131nda bulunan mevcut riskleri yok etmek veya en aza indirmek a\u00e7\u0131s\u0131ndan da \u00f6nem arz etmektedir. Dolay\u0131s\u0131yla i\u015fletmelerin Teknoloji, i\u015f organizasyonu, \u00e7al\u0131\u015fma \u015fartlar\u0131, sosyal ili\u015fkiler ve \u00e7al\u0131\u015fma ortam\u0131 ile ilgili fakt\u00f6rlerin etkilerini kapsayan tutarl\u0131 ve genel [&hellip;]<\/p>\n","protected":false},"author":2,"featured_media":0,"parent":0,"menu_order":0,"comment_status":"closed","ping_status":"closed","template":"page-sections.php","meta":[],"_links":{"self":[{"href":"https:\/\/ekosistemgroup.com\/index.php?rest_route=\/wp\/v2\/pages\/37"}],"collection":[{"href":"https:\/\/ekosistemgroup.com\/index.php?rest_route=\/wp\/v2\/pages"}],"about":[{"href":"https:\/\/ekosistemgroup.com\/index.php?rest_route=\/wp\/v2\/types\/page"}],"author":[{"embeddable":true,"href":"https:\/\/ekosistemgroup.com\/index.php?rest_route=\/wp\/v2\/users\/2"}],"replies":[{"embeddable":true,"href":"https:\/\/ekosistemgroup.com\/index.php?rest_route=%2Fwp%2Fv2%2Fcomments&post=37"}],"version-history":[{"count":43,"href":"https:\/\/ekosistemgroup.com\/index.php?rest_route=\/wp\/v2\/pages\/37\/revisions"}],"predecessor-version":[{"id":514,"href":"https:\/\/ekosistemgroup.com\/index.php?rest_route=\/wp\/v2\/pages\/37\/revisions\/514"}],"wp:attachment":[{"href":"https:\/\/ekosistemgroup.com\/index.php?rest_route=%2Fwp%2Fv2%2Fmedia&parent=37"}],"curies":[{"name":"wp","href":"https:\/\/api.w.org\/{rel}","templated":true}]}}