{"id":487,"date":"2021-09-21T13:59:09","date_gmt":"2021-09-21T10:59:09","guid":{"rendered":"http:\/\/ekosistemgroup.com\/?page_id=487"},"modified":"2021-09-21T14:00:24","modified_gmt":"2021-09-21T11:00:24","slug":"osgb-hizmetleri","status":"publish","type":"page","link":"https:\/\/ekosistemgroup.com\/?page_id=487","title":{"rendered":"OSGB Hizmetleri"},"content":{"rendered":"<p>[vc_row bk_type=&#8221;full_width&#8221; bk_color=&#8221;#ffffff&#8221;][vc_column width=&#8221;1\/1&#8243;][vc_row_inner][vc_column_inner width=&#8221;1\/4&#8243;]<div class=\"prk_service  prk_service_center\"><div><img alt=\"\" src=\"https:\/\/ekosistemgroup.com\/wp-content\/uploads\/2018\/04\/is-guvenligi.png\" \/><\/div><div class=\"clearfix\"><\/div><div class=\"prk_service_ctt\"><h4 class=\"big zero_color bd_headings_text_shadow header_font\">\u0130\u015f G\u00fcvenli\u011fi Uzman\u0131 Hizmeti<\/h4><div class=\"clearfix\"><\/div><div class=\"service_inner_desc\">\u0130\u015f g\u00fcvenli\u011fi uzman\u0131 taraf\u0131ndan \u00e7al\u0131\u015fanlara rehberlik, dan\u0131\u015fmanl\u0131k, risk de\u011ferlendirme hizmetleriyle...<\/div><div class=\"simple_line special_size\"><\/div><div class=\"service_lnk header_font prk_bold\"><a class=\"not_zero_color fade_anchor\" href=\"#\">Detaylar \u0130\u00e7in T\u0131klay\u0131n<\/a><\/div><\/div><\/div>[\/vc_column_inner][vc_column_inner width=&#8221;1\/4&#8243;]<div class=\"prk_service  prk_service_center\"><div><img alt=\"\" src=\"https:\/\/ekosistemgroup.com\/wp-content\/uploads\/2018\/04\/2-is-sagligi.png\" \/><\/div><div class=\"clearfix\"><\/div><div class=\"prk_service_ctt\"><h4 class=\"big zero_color bd_headings_text_shadow header_font\">\u0130\u015fyeri Hekimi Hizmeti<\/h4><div class=\"clearfix\"><\/div><div class=\"service_inner_desc\">\u0130\u015f yeri hekimli\u011fi, firma \u00e7al\u0131\u015fanlar\u0131na i\u015fyeri hekimi taraf\u0131ndan verilen rehberlik ve dan\u0131\u015fmanl\u0131k hizmetleriyle...<\/div><div class=\"simple_line special_size\"><\/div><div class=\"service_lnk header_font prk_bold\"><a class=\"not_zero_color fade_anchor\" href=\"#\">Detaylar \u0130\u00e7in T\u0131klay\u0131n<\/a><\/div><\/div><\/div>[\/vc_column_inner][vc_column_inner width=&#8221;1\/4&#8243;]<div class=\"prk_service  prk_service_center\"><div><img alt=\"\" src=\"https:\/\/ekosistemgroup.com\/wp-content\/uploads\/2018\/04\/3-dsp.png\" \/><\/div><div class=\"clearfix\"><\/div><div class=\"prk_service_ctt\"><h4 class=\"big zero_color bd_headings_text_shadow header_font\">Sa\u011fl\u0131k Personeli<\/h4><div class=\"clearfix\"><\/div><div class=\"service_inner_desc\"> \u0130\u015fyeri hekimi istihdam\u0131na ek olarak mevzuat\u00e7a zorunlu g\u00f6r\u00fclen di\u011fer sa\u011fl\u0131k personeli hizmetlerini b\u00fcnyesindeki...<\/div><div class=\"simple_line special_size\"><\/div><div class=\"service_lnk header_font prk_bold\"><a class=\"not_zero_color fade_anchor\" href=\"#\">Detaylar \u0130\u00e7in T\u0131klay\u0131n<\/a><\/div><\/div><\/div>[\/vc_column_inner][vc_column_inner width=&#8221;1\/4&#8243;]<div class=\"prk_service  prk_service_center\"><div><img alt=\"\" src=\"https:\/\/ekosistemgroup.com\/wp-content\/uploads\/2018\/04\/4-adep.png\" \/><\/div><div class=\"clearfix\"><\/div><div class=\"prk_service_ctt\"><h4 class=\"big zero_color bd_headings_text_shadow header_font\">Risk De\u011ferlendirme Analizi<\/h4><div class=\"clearfix\"><\/div><div class=\"service_inner_desc\">\u0130\u015fyerinde var olan ya da d\u0131\u015far\u0131dan gelebilecek tehlikelerin belirlenmesi, bu tehlikelerin riske d\u00f6n\u00fc\u015fmesine...<\/div><div class=\"simple_line special_size\"><\/div><div class=\"service_lnk header_font prk_bold\"><a class=\"not_zero_color fade_anchor\" href=\"#\">Detaylar \u0130\u00e7in T\u0131klay\u0131n<\/a><\/div><\/div><\/div>[\/vc_column_inner][\/vc_row_inner][vc_row_inner][vc_column_inner width=&#8221;1\/4&#8243;]<div class=\"prk_service  prk_service_center\"><div><img alt=\"\" src=\"https:\/\/ekosistemgroup.com\/wp-content\/uploads\/2018\/07\/acil.png\" \/><\/div><div class=\"clearfix\"><\/div><div class=\"prk_service_ctt\"><h4 class=\"big zero_color bd_headings_text_shadow header_font\">Acil Durum Eylem Plan\u0131<\/h4><div class=\"clearfix\"><\/div><div class=\"service_inner_desc\">Acil durum plan\u0131 ise i\u015f yerlerinde meydana gelebilecek acil durumlarda yap\u0131lacak i\u015f ve i\u015flemler dahil bilgilerin...<\/div><div class=\"simple_line special_size\"><\/div><div class=\"service_lnk header_font prk_bold\"><a class=\"not_zero_color fade_anchor\" href=\"#\">Detaylar \u0130\u00e7in T\u0131klay\u0131n<\/a><\/div><\/div><\/div>[\/vc_column_inner][vc_column_inner width=&#8221;1\/4&#8243;]<div class=\"prk_service  prk_service_center\"><div><img alt=\"\" src=\"https:\/\/ekosistemgroup.com\/wp-content\/uploads\/2018\/04\/5-patlama.png\" \/><\/div><div class=\"clearfix\"><\/div><div class=\"prk_service_ctt\"><h4 class=\"big zero_color bd_headings_text_shadow header_font\">Patlamadan Korunma Dok\u00fcman\u0131<\/h4><div class=\"clearfix\"><\/div><div class=\"service_inner_desc\">\u0130\u015fyerlerinde olu\u015fabilecek patlay\u0131c\u0131 ortamlar\u0131n tehlikelerinden \u00e7al\u0131\u015fanlar\u0131n sa\u011fl\u0131k ve g\u00fcvenli\u011fini korumak amac\u0131yla...<\/div><div class=\"simple_line special_size\"><\/div><div class=\"service_lnk header_font prk_bold\"><a class=\"not_zero_color fade_anchor\" href=\"#\">Detaylar \u0130\u00e7in T\u0131klay\u0131n<\/a><\/div><\/div><\/div>[\/vc_column_inner][vc_column_inner width=&#8221;1\/4&#8243;]<div class=\"prk_service  prk_service_center\"><div><img alt=\"\" src=\"https:\/\/ekosistemgroup.com\/wp-content\/uploads\/2018\/04\/6-bagimsiz-isg-denetimi.png\" \/><\/div><div class=\"clearfix\"><\/div><div class=\"prk_service_ctt\"><h4 class=\"big zero_color bd_headings_text_shadow header_font\">Ba\u011f\u0131ms\u0131z \u0130SG Denetimi Hizmeti<\/h4><div class=\"clearfix\"><\/div><div class=\"service_inner_desc\">A, B, C S\u0131n\u0131f\u0131 \u0130\u015f G\u00fcvenli\u011fi Uzmanlar\u0131yla, Emekli \u0130\u015f M\u00fcfetti\u015fleriyle, Akademisyenler ve konular\u0131nda...<\/div><div class=\"simple_line special_size\"><\/div><div class=\"service_lnk header_font prk_bold\"><a class=\"not_zero_color fade_anchor\" href=\"#\">Detaylar \u0130\u00e7in T\u0131klay\u0131n<\/a><\/div><\/div><\/div>[\/vc_column_inner][vc_column_inner width=&#8221;1\/4&#8243;][\/vc_column_inner][\/vc_row_inner][\/vc_column][\/vc_row]<\/p>\n","protected":false},"excerpt":{"rendered":"<p>[vc_row bk_type=&#8221;full_width&#8221; bk_color=&#8221;#ffffff&#8221;][vc_column width=&#8221;1\/1&#8243;][vc_row_inner][vc_column_inner width=&#8221;1\/4&#8243;][\/vc_column_inner][vc_column_inner width=&#8221;1\/4&#8243;][\/vc_column_inner][vc_column_inner width=&#8221;1\/4&#8243;][\/vc_column_inner][vc_column_inner width=&#8221;1\/4&#8243;][\/vc_column_inner][\/vc_row_inner][vc_row_inner][vc_column_inner width=&#8221;1\/4&#8243;][\/vc_column_inner][vc_column_inner width=&#8221;1\/4&#8243;][\/vc_column_inner][vc_column_inner width=&#8221;1\/4&#8243;][\/vc_column_inner][vc_column_inner width=&#8221;1\/4&#8243;][\/vc_column_inner][\/vc_row_inner][\/vc_column][\/vc_row]<\/p>\n","protected":false},"author":2,"featured_media":0,"parent":133,"menu_order":2,"comment_status":"closed","ping_status":"closed","template":"page-sections.php","meta":[],"_links":{"self":[{"href":"https:\/\/ekosistemgroup.com\/index.php?rest_route=\/wp\/v2\/pages\/487"}],"collection":[{"href":"https:\/\/ekosistemgroup.com\/index.php?rest_route=\/wp\/v2\/pages"}],"about":[{"href":"https:\/\/ekosistemgroup.com\/index.php?rest_route=\/wp\/v2\/types\/page"}],"author":[{"embeddable":true,"href":"https:\/\/ekosistemgroup.com\/index.php?rest_route=\/wp\/v2\/users\/2"}],"replies":[{"embeddable":true,"href":"https:\/\/ekosistemgroup.com\/index.php?rest_route=%2Fwp%2Fv2%2Fcomments&post=487"}],"version-history":[{"count":2,"href":"https:\/\/ekosistemgroup.com\/index.php?rest_route=\/wp\/v2\/pages\/487\/revisions"}],"predecessor-version":[{"id":490,"href":"https:\/\/ekosistemgroup.com\/index.php?rest_route=\/wp\/v2\/pages\/487\/revisions\/490"}],"up":[{"embeddable":true,"href":"https:\/\/ekosistemgroup.com\/index.php?rest_route=\/wp\/v2\/pages\/133"}],"wp:attachment":[{"href":"https:\/\/ekosistemgroup.com\/index.php?rest_route=%2Fwp%2Fv2%2Fmedia&parent=487"}],"curies":[{"name":"wp","href":"https:\/\/api.w.org\/{rel}","templated":true}]}}